
0
Let l(k) = -4*k**3 + 16*k + 8. Let r(f) = 5*f**3 + f**2 - 18*f - 8. Let x(i) = -6*l(i) - 5*r(i). Give x(-4).
0
Let r(k) = -28 + 3*k + 34 + 0*k. Give r(5).
21
Let a(t) = 25*t + 27*t + 1 - 11*t - 12*t. What is a(-1)?
-28
Let r(t) = -6*t**2 - 109*t - 22. Let h(j) = -2*j**2 - 37*j - 7. Let f(l) = 17*h(l) - 6*r(l). Calculate f(-12).
1
Let k be -13 - -11 - 3*(0 + -1). Let n(i) = -2*i**2 + 2*i - 1. Let s(m) = 3*m**2 - 5*m + 3. Let u(p) = -5*n(p) - 2*s(p). What is u(k)?
3
Let z be (-6)/(-4)*(-20)/(-15). Let n(l) = -l**3 + 5 + 5*l**z + 9*l + 0*l**2 - l + 3*l**2. Determine n(9).
-4
Suppose -h - 2*y = -10, -5*h + 3*y - 7 = -31. Let f(x) = -3*x + 12. Determine f(h).
-6
Let t(w) = -w**2 + 6*w - 2. Suppose 0 = 5*a + 4*y - 80, -6*a - y + 41 = -3*a. Let b be (8/6)/(64/a + -5). Determine t(b).
6
Let z(c) = 4*c**2 - c + 1. Suppose 0 = 20*d - 8 - 12. Calculate z(d).
4
Suppose 2*l = 5*i - 24 - 151, -81 = -2*i + 3*l. Let y(a) = -68*a**3 - 2*a - 7*a**2 + 34*a**3 + i*a**3 - 3. Give y(-7).
11
Let z(w) be the first derivative of 2*w**3/3 - 3*w**2/2 - 4*w - 394. Let x = 10 - 7. What is z(x)?
5
Let o(x) = -5*x + 39*x - 17*x - 13 - 18*x. Give o(-14).
1
Let y(u) = u**2 - 15*u - 8. Suppose -4*x + 22*m - 23*m = -72, 0 = -3*x - 2*m + 59. Calculate y(x).
26
Let v(m) = -5*m + 47. Let d be v(9). Let q(i) = 12*i - 3. Determine q(d).
21
Let v be (-1)/(-8) + (-2301)/104. Let d = v - -24. Let g(m) = -6*m**2 + 2 - d + m**2. Give g(-1).
-5
Let o = -36 - -34. Let b be (o - -4)/1 + 0. Let w(z) = 2 - z**2 + 3*z**b - 6. Give w(-3).
14
Let r(w) = 2*w + 23. Let y be r(-9). Let v(m) = -18 - y*m - 20 + 41. Determine v(2).
-7
Suppose 4*l - 30 = -3*s - 10, -4*s - l + 31 = 0. Let c(v) = v**2 - 9*v + 7. Calculate c(s).
-1
Let k(u) = -5*u + 2. Let p(g) = g**2 + 8*g - 3. Let d be p(-5). Let w = d - -33. Let m = w - 18. Give k(m).
17
Let w(n) = -97*n + 39. Let q(t) = 13*t - 1. Let k(a) = 8*q(a) + w(a). What is k(-5)?
-4
Let m = -2661 + 2648. Let h(l) = -l - 13. What is h(m)?
0
Let d be 6/(-3 + (-24)/(-9)). Let v(z) = -z**3 - 18*z**2 - 1. Let t be v(d). Let p(o) = -o**2 + 1 - 12*o**3 - 5*o**3 + 16*o**3. Calculate p(t).
1
Let i(c) = -c**3 + c**2 + 2*c - 3. Let n(u) = 2*u - 4. Suppose 3*w = -z - 12, 0 = 3*z + 2*z - 2*w - 25. Let y be n(z). Give i(y).
-3
Suppose -2*n - 12 + 30 = -4*o, -4*n + 28 = -4*o. Let t(l) = l**2 - l + 7. Give t(n).
27
Let v(s) be the second derivative of s**8/3360 + s**7/840 + s**6/720 + s**5/120 + s**4/2 + 9*s. Let c(k) be the third derivative of v(k). What is c(-2)?
-5
Let i(o) = -o**2 + o. Suppose 0 = -2*s + 5*t - 3, 5*s + 36 = 2*t + t. Let m(z) = 4*z**2 - 4*z. Let q(x) = s*i(x) - 2*m(x). What is q(0)?
0
Let b = 389 + -389. Suppose 4*z + 4*j + j + 13 = 0, -16 = z - 3*j. Let o = z - b. Let l(n) = n**2 + 9*n + 4. Give l(o).
-10
Let b(h) = -2*h + 4. Suppose 9*a - a = -12*a. Calculate b(a).
4
Let o(b) = -b**3 - 6*b**2 + 7*b - 2. Let c be o(-7). Let d(j) = -12*j - 1. Calculate d(c).
23
Let q(n) = n**3 + 9*n**2 + 10*n + 18. Let o be q(-8). Let r(w) = 3*w**2 + 7*w**o - 23*w**2 - 2*w + 11*w**2 + 1. What is r(2)?
-11
Let h(n) = -12 - 4 + 18 - 5*n. Determine h(-2).
12
Let s be (1 + 0)*(3 - -2). Let a(h) be the second derivative of h**4/12 - h**3/2 - 3*h**2/2 - 2*h + 3. Calculate a(s).
7
Let x(z) = -8*z**2 - z. Suppose 2*u - 1 = 9. Let n(g) = g**2 - 5*g - 1. Let q be n(u). Determine x(q).
-7
Let l(w) = 5*w - 5. Let n = -742 + 742. Determine l(n).
-5
Let j = 6 + -5. Let a(n) = -3*n + 11*n**3 + 2*n**3 - n**2 + n + n + j. What is a(1)?
12
Let x(s) = -s**3 - 5*s**2 + 6*s - 8. Suppose -2*k = -4*o + 2*o + 56, 59 = 2*o - 5*k. Let f = o + -33. What is x(f)?
-8
Let c(b) = 3*b**2 - 7*b + 2*b**3 - 3*b**3 + 4*b**2 - 3. Let p(r) = 3 - 1 - 2512*r**2 - 4*r + 2515*r**2. Let g be p(2). Give c(g).
-9
Let s be -2*((-2)/(-13) + (-663)/1014). Let h(p) = -14*p**2 + 1. What is h(s)?
-13
Let j be (4 + 2 - 2) + -2. Suppose -5*q - 13 - j = 0. Let s(a) be the first derivative of -a**2/2 + a - 107. Determine s(q).
4
Let g(h) = 6 + h**2 - 4 + h - 3. Suppose 4*k - 28 = -5*l, 3*k + 5*l - 31 = -5. Suppose 3*b - 7 = -4*c + k*c, 4*b + 2*c = 10. Calculate g(b).
11
Let n(h) = -26*h + 2*h + 25*h + 0 + 1 + 9. What is n(-12)?
-2
Let x = 3 + -6. Let u(l) = -3*l - 3. Let w(a) = -6*a - 6. Let f(j) = 9*u(j) - 5*w(j). Calculate f(x).
-6
Let f = -41 + 44. Let v be (f + -7 - -13) + 2. Let w(x) = -x**2 + 12*x - 13. Calculate w(v).
-2
Let w(u) = u**2 + 6*u + 1. Let k(b) = 2*b**2 + 7*b + 1. Let l(i) = -i**2 + 6*i - 5. Let d be l(2). Let h(x) = d*w(x) - 2*k(x). Determine h(4).
1
Suppose 0*w = 4*w. Let i be -1 - (1 + (-16)/4). Let j(v) = 0 - i*v + w. Determine j(-3).
6
Suppose 5*i = -4*b - 0*i + 107, 4*b - 116 = 4*i. Let n be b/(-12) - (1 + 1)/(-6). Let s(g) = g**3 + 2*g**2 + 3*g + 3. What is s(n)?
-3
Suppose -3*u + 13 = -14. Let w be 1/((15/u)/5). Let y(q) = 0*q**2 + 2 + w + q**2 - 5*q. Determine y(5).
5
Let r be 3 + 2 - (8 - 7). Suppose 2*o - r = b - 3, 5*b + 11 = 4*o. Let g(a) = a**3 + 2*a**2 - a**3 - 1 - 2*a + a**3. Give g(b).
-4
Let y(v) = 786 - 789 + v**2 + 4*v**2 - 2*v - 4*v - 4*v**2. Determine y(9).
24
Let d(l) = l**3 + 2*l**2 - l - 1. Let y(m) = -m**2 - 2*m + 1. Suppose -5*u = -10 + 25. Let p be y(u). Let c be 2/3*9/p. What is d(c)?
-7
Suppose -5*z + z - y = -160, -119 = -3*z - y. Suppose -5*m - z = -16, 2*m = -5*a. Let g be 1 - (a + (4 - 0)). Let t(p) = p + 7. Calculate t(g).
2
Let q(a) = 8*a**2 - 13*a + 2. Let h(p) = -7*p**2 + 12*p - 3. Let b(w) = -7*h(w) - 6*q(w). Let k = -264 - -390. Suppose 21*m = -0*m + k. What is b(m)?
9
Let s(p) = -3*p - 1. Let r(u) = -3*u - 10. Let j(w) = -2*r(w) + 3*s(w). Calculate j(5).
2
Let x(m) = m**2 - 10*m + 8. Let t(j) = -j - 2. Suppose 0 = 7*c - 1 + 57. Let q be t(c). Give x(q).
-16
Let l(g) = -g**3 - 7*g**2 - 3*g + 4. Let x(a) = 7*a + 53. Let k be x(-8). What is l(k)?
-23
Let g(o) = -4*o**2 - 2*o + 2. Let a(i) = -2*i - 4. Let u be -1 - (2 - (-2 + 2)). Let x be a(u). Give g(x).
-18
Let k(g) be the second derivative of -1/3*g**3 + 1/6*g**4 + 0 + g**2 + 16*g. Calculate k(2).
6
Let s be ((-12)/(-16))/(3/72). Suppose 3*g - s = -4*p, -p + 26 = 4*p + 2*g. Let q be -13 + 6 + p + -2. Let l(z) = -2*z**2 - 2*z - 2. What is l(q)?
-14
Let q(g) be the first derivative of -g**3/3 + 7*g**2/2 + 5*g + 739. What is q(-1)?
-3
Let w = 1 + 1. Let q be w*(-1)/2*-1. Let z(p) be the third derivative of p**4/6 - p**3/6 + p**2 + 7. What is z(q)?
3
Let l = 18 + -12. Let z be 15/2*l/(-9). Let c(o) = -4 - o**3 + 4*o - o + o**2 - 5*o**2. Determine c(z).
6
Let p(a) = -9*a**3 + a. Let j = 304 + -210. Let x = j - 95. What is p(x)?
8
Let x(i) = 8 + 8 - 9 - 3*i - 4*i - 2*i + i**2. What is x(9)?
7
Let t be 2/7 - 200/(-35). Let a be (-8 + t)*(-2)/4. Let c be 1 - 6/(-3) - a. Let u(z) = -7*z + 2. What is u(c)?
-12
Let i be ((-3)/(-2))/((-2)/(-4)). Suppose 4*q + 131 = 5*a, -5*a + 4 = -5*q - 126. Let k(d) = -3*d**2 + a + 2*d**2 - 26. Determine k(i).
-8
Suppose -5*u = 4*g - 103, -4*u = 5*g + 71 - 211. Let s(r) = g + r - 21 + 7*r**2 - 14 - 3*r - r**3. Give s(7).
-17
Let i = -4 + 2. Let f = i - -6. Suppose u + f = c + 12, 2*u - 4*c - 20 = 0. Let b(d) = -2*d + 5. Calculate b(u).
-7
Let n be (0 - 3)*(-2)/3. Let z(l) be the first derivative of l - 1/2*l**2 - 1/4*l**4 - 14 + 1/3*l**3. Give z(n).
-5
Let x be 3/(33/12 + -2). Let a be (-4)/(-2 - 0) - x/4. Let g(j) = -15*j**3 + j**2 - 1. Calculate g(a).
-15
Let z be (-1)/(-3) + 60/36. Let k(m) = -6*m + 6. Calculate k(z).
-6
Let r(q) be the first derivative of -2 - 1/2*q**4 + 4/3*q**3 - 2*q - q**2. Let k(n) = n + 65. Let m be k(-63). What is r(m)?
-6
Let l be (-6)/4*-8*(-2)/(-12). Let x(a) = 2 + 6*a + l - 7*a. Calculate x(7).
-3
Let u(q) = q**3 + 2*q - 1. Let v(k) = 8*k**3 - 9*k**2 - 7*k - 23. Let g(b) = 7*u(b) - v(b). Calculate g(11).
5
Suppose 6*z + 10 = -20. Let j(s) = -s**3 - 5*s**2 + 1. Let k be j(z). Suppose 0 = -t + k - 3. Let i(f) = 4*f - 1. Give i(t).
-9
Let a(f) be the first derivative of f**4/2 + f**3 + f**2/2 + 2*f - 43. What is a(-2)?
-4
Suppose -3*p + 20 = 2. Let l(x) be the second derivative of x**5/120 + x**4/24 - 11*x**3/6 - 27*x. Let h(d) be the second derivative of l(d). Calculate h(p).
7
Suppose 6 = g - 3*f - 5, -2*g = -5*f - 19. Let n(b) = -2*b**2 + b - 3. Give n(g).
-9
Suppose 0 = 3*j + 2*m - 107, -4*j + j + m + 95 = 0. Suppose -j + 88 = -11*u. Let x(q) = -q**2 - 6*q